0. Let m(l) = 2. Let r(u) = u**2 - 7*u + 13. Let s(i) = 6*m(i) - r(i). What is s(d)?
-9
Suppose 5*s + 5 = 0, -22*s + 11 = -2*p - 21*s. Let k be (0 - -2)*((-60)/5)/p. Let g(i) = 2*i**2 - 7*i - 9. Give g(k).
-5
Let c(l) = 12*l**3 - 56*l**2 - 20*l + 34. Let h(y) = 13*y**3 - 60*y**2 - 22*y + 34. Let b(n) = -14*c(n) + 13*h(n). What is b(-3)?
-7
Let y(p) = -9*p**2 + 4*p - 6. Suppose -64 = 2*s - 34*s. Determine y(s).
-34
Let v(w) be the second derivative of 5*w**3/6 - w**2 - 411*w. Suppose 0*u - 16 = 4*u, -5*u = -3*f + 23. What is v(f)?
3
Let j(v) = v**2 + 2*v + 7. Let u = 15496 - 15498. Determine j(u).
7
Let s = 1754 - 1751. Let u(r) = 5*r**2 + 13*r + 2. Let t(v) = -2*v**2 - 6*v. Let m(y) = s*t(y) + u(y). Let d(l) = l - 12. Let q be d(6). Determine m(q).
-4
Let s be (-13)/((-39)/14)*3/(-2). Let q(m) = -m**3 - 7*m**2 - m - 17. What is q(s)?
-10
Suppose -275*i = -206*i - 207. Let o(x) be the first derivative of -1/4*x**4 - 2*x**i + 5*x**2 - 9 + 9*x. Determine o(-7).
-12
Let x = 8439 + -8451. Let n(b) = -b**2 - 10*b + 42. Give n(x).
18
Let h(s) = 0 + 239569*s - 239612*s + 9. Determine h(-1).
52
Let q(r) = -r**2 - 10*r - 6. Let n be -6*(-47)/((-3243)/46). What is q(n)?
18
Let v(k) = -5*k - 32. Let l be (-94)/16 + 0 + 855/(-120) + 7. Determine v(l).
-2
Let n = 13275 - 13269. Let a(u) = -u**3 + 8*u**2 - 10*u - 9. What is a(n)?
3
Suppose -53 = -4*a - 21. Let y(r) be the third derivative of -r**5/60 + r**4/3 + 7*r**3/6 - 5235*r**2. What is y(a)?
7
Let m(n) = -2*n**2 - n + 11. Let d(b) = -21 + b**2 - b - b + 16 + 3*b. Let p(y) = -5*d(y) - 2*m(y). Determine p(-6).
-15
Let f(h) = 26 - 98*h**3 - 94*h**3 + 3*h + 295*h**3 - 104*h**3 - 19*h**2. What is f(-19)?
-31
Let l(w) = 23*w - 96. Let i(v) = -3*v + 14. Let s(q) = 41*i(q) + 6*l(q). Determine s(-1).
-17
Let w be (-5 + 0)/(1 + -2). Let a(m) = -m + 12. Let f be a(w). Let j(p) = -3 + f*p + 4*p**3 - p**2 - 13*p**3 - 6*p + 2. What is j(1)?
-10
Suppose 0 = 5*z - 5*o + 3155, 5*o + 0*o = -15. Let j = -640 - z. Let y(f) = -2*f - 20. Calculate y(j).
-8
Let y(a) be the first derivative of -a**5/120 - 3*a**4/8 - 173*a**3/3 + 184. Let g(u) be the third derivative of y(u). Calculate g(10).
-19
Let f(l) = l**3 + 10*l**2 + 24*l + 23. Let j be f(-7). Let w(a) = -1 + 4*a**2 + 0*a**3 - 57*a + 0*a**3 + 55*a - a**3. What is w(j)?
3
Let u(j) = j - 1. Let g(x) = 9*x - 7*x - 6*x + x**2 - 14*x + 11. Let q be g(17). Let m(y) = -2*y + 1. Let r(a) = q*m(a) - 13*u(a). Calculate r(5).
2
Let q be (2 - 0) + (0 - 2). Let x(b) be the first derivative of -1/2*b**2 + 1/3*b**3 - 29 + 2*b. Calculate x(q).
2
Let w(o) be the third derivative of o**5/30 + 7*o**3/6 + 21*o**2. Let s be w(0). Let m(l) = -s + 2 - 9*l + 0*l**3 - 8*l**2 + l**3. What is m(9)?
-5
Let l(k) = -k + 20. Let s = -28888 - -28908. What is l(s)?
0
Let v(q) = -q**2 - 35*q - 294. Let k be v(-20). Let i(x) be the third derivative of x**5/60 - x**4/12 + 5*x**3/6 - 3*x**2. Calculate i(k).
29
Let b(q) = 21*q + 132. Let d be (-113)/20 - (-6)/15 - 552/736. Determine b(d).
6
Let g = -10147 + 10140. Let x(o) = o**2 - 4*o - 103. Give x(g).
-26
Let m(o) = -21*o - 7. Let c(g) = 10*g + 3. Let z(h) = 13*c(h) + 6*m(h). Let k(l) = -l**2 - 8*l + 125. Let n be k(8). What is z(n)?
-15
Let t be (-2)/(-9) + 258/54. Suppose -4*c - 1 = -9. Let h(b) = -b - 4 + 0 + 6 + c*b. Calculate h(t).
7
Let g be (5 + -5 - 0)*(-1 - 0). Suppose g*t + t - 1 = 0. Let j(r) = 7 - t - 7 - 2*r. Determine j(-1).
1
Let a(m) be the third derivative of -m**6/60 + m**4/24 - 273*m**2 + 2. What is a(-1)?
1
Let r(i) = -3*i**2 + 18*i + 4*i**2 - 8*i. Let b(u) = 35*u + 26. Let y be ((-3)/(-6))/((-24)/48). Let o be b(y). What is r(o)?
-9
Let v(u) = -5. Let o(r) be the first derivative of 4*r + 16. Let m(b) = 4*o(b) + 3*v(b). Let k(j) = -j**2 + 7*j + 10. Let d(w) = k(w) + 3*m(w). Give d(9).
-5
Let h(c) = -c**3 - 8*c**2 - 5*c**2 + 7*c**2 + 81 - 51 - 32. What is h(-5)?
-27
Let x(m) = -3319 - 3327 + 6644 + 6*m. Give x(-18).
-110
Suppose 5*w - 15*s + 14*s = 18, s = 4*w - 15. Let d(k) be the first derivative of 2*k**3/3 - 3*k**2/2 + 5*k + 289. Give d(w).
14
Let m(q) = -2*q**2 + 14*q - 11. Suppose 92*r + 31*r - 23*r - 1100 = 0. Calculate m(r).
-99
Let a be (-2)/((-6)/((-18)/6)) + (-3)/(-1). Let g(u) be the second derivative of u**a - 1/6*u**3 + 0 - 14*u. Calculate g(-2).
4
Let d(a) = 14*a - 8. Let b(z) = -10*z + 7. Let n(w) = -11*w + 8. Let u(v) = 4*b(v) - 3*n(v). Let y(t) = -4*d(t) - 7*u(t). Let p = 814 + -810. Calculate y(p).
-24
Let s(y) be the first derivative of -y**4/4 + 4*y**3/3 - y**2/2 - 8438. Let f(w) = -w**3 - 5*w**2 - 6*w - 3. Let x be f(-4). Let c = x - 3. Determine s(c).
6
Let r = 103 + 761. Suppose -850*u - 70 = -r*u. Let g(d) = -5*d**2 + 3*d - 9. Let i(n) = 6*n**2 - 4*n + 10. Let z(q) = -7*g(q) - 6*i(q). Determine z(u).
-7
Let q(t) = -t**3 - 6*t**2 - 12*t - 10. Let o be ((-72)/54)/((-8)/(-24)). Determine q(o).
6
Let f(g) be the first derivative of g - 67 - g**2 - 3*g**2 + 2*g**2 - 7*g**2. Calculate f(1).
-17
Let h(s) be the first derivative of s**4/4 - 8*s**3/3 + 4*s**2 - 9*s - 2566. Give h(7).
-2
Let y(c) = c**2 - 3*c - 5. Let q be (-130)/(-4)*(-1 + 11/5). Let k = -19 + q. Let o be (k/(-15))/((-2)/(-6)*-1). Give y(o).
-1
Let t(s) = -s**2 - 4*s - 3. Let r be (-20)/6*(-606)/(-505). Let w(j) = -j**2 - j + 9. Let p be w(r). Determine t(p).
0
Let p(h) be the third derivative of -h**5/30 - 5*h**3/3 - 423*h**2 + 2*h. Determine p(6).
-82
Let l(k) = -6*k**2 + 7*k - 24. Let t be l(-7). Let x = -364 - t. Let v(a) = -a**3 + a**2 + a + 4. What is v(x)?
-11
Let q(z) = -z**2 - 5*z + 6. Let w(t) = 2*t**2 + 26*t + 39. Let k be w(-11). Let c be (k + 4 - 1) + 1*-7. What is q(c)?
-30
Let z(s) = 4*s - 7. Suppose b + 4*b - 26 = 4*f, f = -2*b. Suppose 5*w - b*w = -2*t + 14, -2*w + 4*t = 12. Let l be -2*(-7)/w - (-50)/(-25). Give z(l).
13
Suppose 2*k + 0*k - 237 = -z, -4*z = 2*k - 246. Let n be ((-2)/(-6))/(13/k). Let f(c) = c**3 + 5 - 5 - n. Calculate f(0).
-3
Suppose 3*l - x - 151 = 0, -3*l + 6*l = -2*x + 166. Suppose 4*m = 3*o - 2, -l = -3*o - 2*m - 26. Let w(g) = 2*g - 11. Calculate w(o).
1
Suppose -8 = 55*v - 51*v. Let r(s) = 3*s**2 + 3*s - 5. Let n(y) = -2*y**2 - 3*y + 6. Let z(w) = 5*n(w) + 6*r(w). Give z(v).
26
Suppose 1 = -15*b - 104. Let t(u) = 5*u - 21. Let l(z) = z - 5. Let c(s) = -18*l(s) + 4*t(s). What is c(b)?
-8
Suppose -10*a + 70 = 90. Let p be (a/(-8))/(710/(-120) - -6). Let k(w) = -8*w - 2. Determine k(p).
-26
Let i(a) = -a**2 + 2*a + 5. Let o(k) = -k**3 - 13*k**2 + 29*k. Let p be o(-15). Let t be 1*10*p/30. Calculate i(t).
-10
Suppose 31*o + 27 = 40*o. Let t(v) = -11*v - 1. Let s(n) = -3*n + 1. Let b(y) = o*s(y) - t(y). Determine b(-6).
-8
Let y(f) be the first derivative of f**6/360 - f**5/24 + 15*f**3 - 47. Let k(j) be the third derivative of y(j). Calculate k(5).
0
Let g = 176 + -111. Let a(k) = 6*k**2 - 9*k - 34 - 30 - 4*k**2 + g. What is a(7)?
36
Let s = 9120 - 9128. Let y(d) = 4*d**2 + 6*d + 6. Let z(t) = 11*t**2 + 19*t + 18. Let q(r) = -8*y(r) + 3*z(r). What is q(s)?
-2
Suppose -3*z + 48 = 5*d - 4*z, 2*z = 5*d - 46. Suppose -d*t + t = 0. Let m be (0 + 2 - t) + 8/(-4). Let f(a) = -a + 15. Determine f(m).
15
Let h(u) = 10 + 19*u**2 + u - 22*u**2 + 287131*u**3 - 287130*u**3. What is h(-2)?
-12
Let p(t) be the third derivative of t**4/8 + 5*t**3/6 + 31*t**2. Suppose -9*a + 12*a - 6 = -3*x, 2*a - 18 = 5*x. Give p(a).
17
Let p(x) be the second derivative of -x**8/6720 + x**7/504 - x**6/360 + x**5/120 + x**4/3 + x**2 - 70*x. Let f(l) be the third derivative of p(l). What is f(5)?
-9
Let p(u) be the third derivative of 6*u**2 + 8 + 5/24*u**4 + 5/3*u**3 + 0*u. Give p(7).
45
Let l(h) = -92276 + 66*h + 46141 + 46136. Give l(1).
67
Let p(v) = -6*v - 25*v + 5*v - 1. Let q(z) = -z**3 + 49*z - 133. Let f be q(4). Determine p(f).
25
Let q(d) be the first derivative of d**3/3 + 2*d**2 + 12*d - 718. Give q(-5).
17
Let y(h) = -2*h - 6. Let a(c) = 2*c + 7. Let t(l) = -l**3 + 2*l - 3. Let u be t(-3). Suppose -11*o + u = -17*o. Let i(v) = o*a(v) - 4*y(v). Determine i(-5).
-7
Let p(b) be the first derivative of 1/2*b**2 + 1/4*b**4 - 2/3*b**3 + 0*b + 102. Let w = 4 + -2. What is p(w)?
2
Let f = -6849 + 6850. Let w(c) = -14*c**2 - 8*c + 9. Give w(f).
-13
Let h(l) = 2*l - 504 - 490 - 4*l + 982. Let g = 10 + -18. What is h(g)?
4
Let o(a) = 15*a. Let